 Calculate c(-474).
-14
Let v(k) = k**3 - 49*k**2 - 635*k + 2655. Calculate v(59).
0
Let k(g) = g**3 + 86*g**2 - 666*g - 1318. Determine k(-93).
77
Let w(f) = -f**3 + 85*f**2 - 1144*f - 463. Determine w(68).
353
Let f(o) = -19*o**2 - 615*o - 27. What is f(-32)?
197
Let s(n) = 7*n**2 - 273*n + 827. Determine s(36).
71
Let d(j) = -24*j**3 + 312*j**2 - 49*j + 600. Calculate d(13).
-37
Let r(h) = h**2 - 10*h - 1912. Calculate r(49).
-1
Let u(b) = 60*b - 2484. What is u(34)?
-444
Let x(i) = 4743*i + 33134. Determine x(-7).
-67
Let q(p) = 2*p**3 - 12*p**2 - 407*p + 4180. Determine q(11).
913
Let u(j) = j**3 + 647*j**2 - 4580*j - 10. Give u(7).
-24
Let v(i) = 27338*i - 4866191. Determine v(178).
-27
Let p(l) = 13*l**3 + 57*l**2 + 2918*l + 11591. Give p(-4).
-1
Let q(a) = 12490*a - 537060. Calculate q(43).
10
Let f(g) = 249*g - 6902. What is f(19)?
-2171
Let k(d) = 3*d**3 - 43*d**2 - 25*d - 641. Determine k(16).
239
Let i(r) = 2*r**3 + 200*r**2 - 202*r + 285. Calculate i(-101).
285
Let r(o) = -o**3 - 344*o**2 - 3988*o - 25. Calculate r(-12).
23
Let j(v) = v**3 + v**2 + 45*v - 31. What is j(0)?
-31
Let r(q) = -21*q**2 + 1535*q - 145. Calculate r(73).
1
Let f(j) = -j**3 - 264*j**2 - 262*j + 267. Determine f(-263).
4
Let f(q) = 2*q**2 + 201*q + 3317. What is f(-81)?
158
Let f(l) = 2*l**3 - 238*l**2 - 1448*l + 154. Give f(-6).
-158
Let o(j) = 22*j**2 - 1050*j - 133. Give o(48).
155
Let m(u) = -564*u - 8240. Give m(-14).
-344
Let m(h) = 16*h**3 - 146*h**2 - 9*h + 114. What is m(9)?
-129
Let x(f) = f**2 - 14353*f + 301139. Determine x(21).
167
Let j(y) = y**3 + 28*y**2 + 112*y + 634. Give j(-25).
-291
Let w(p) = 73*p**3 + 579*p**2 - 69*p - 10. Determine w(-8).
222
Let d(o) = -o**2 - 69*o + 2275. What is d(25)?
-75
Let t(b) = -5*b**3 - 58*b**2 + 703*b - 10. Determine t(-19).
-10
Let b(r) = -r**3 + 124*r**2 + 795*r - 1975. Calculate b(130).
-25
Let s(c) = 2*c**3 - 27*c**2 + 128*c + 33. What is s(10)?
613
Let i(d) = 2*d**2 + 526*d - 229672. What is i(232)?
8
Let c(t) = -t**2 - 512*t - 7228. What is c(-15)?
227
Let l(r) = r**2 + 261625*r - 5494511. Determine l(21).
55
Let q(d) = -9*d**3 + 840*d**2 - 18642*d + 168. What is q(57)?
-3
Let l(p) = 315*p + 3072. What is l(-10)?
-78
Let l(r) = -2*r**3 + 306*r**2 + 1912*r - 103000. Calculate l(157).
-8
Let c(q) = -249*q - 523. What is c(-4)?
473
Let o(v) = -v**3 + 66*v**2 - 603*v - 60. Calculate o(55).
50
Let w(u) = -4*u**3 - 3*u**2 + 322*u + 1081. Calculate w(-4).
1
Let g(q) = 3*q**2 - 547*q + 5945. Give g(11).
291
Let z(n) = -7*n**2 + 489*n - 2299. What is z(5)?
-29
Let b(r) = -r**2 + 145*r - 1793. What is b(17)?
383
Let z(a) = -251*a + 1904. Calculate z(8).
-104
Let f(l) = -l**3 + 23*l**2 + 15*l - 1036. Determine f(21).
161
Let l(y) = 2*y**3 + 692*y**2 + 1391*y + 5141. Calculate l(-344).
-19
Let n(h) = 522*h**2 - 24005*h - 162. Determine n(46).
160
Let x(f) = -f**2 - 46*f + 2199. Determine x(37).
-872
Let d(z) = -27640*z + 331658. Calculate d(12).
-22
Let y(g) = -3*g**2 - 446*g + 20849. Determine y(-186).
17
Let f(x) = -x**3 - 14*x**2 - 95*x - 178. Give f(-7).
144
Let w(o) = 2*o**3 + o**2 - 214*o + 488. Give w(0).
488
Let x(j) = 14640*j + 101. Determine x(0).
101
Let s(l) = 850*l + 1455. What is s(-2)?
-245
Let o(j) = 177*j**2 - 769*j - 405. Give o(5).
175
Let b(y) = -y**3 - 146*y**2 + 194*y + 28129. Determine b(-146).
-195
Let g(u) = 26*u**2 - 127*u - 9793. Determine g(22).
-3
Let f(g) = 16*g**2 + 12797*g - 25590. Determine f(2).
68
Let f(r) = -r**3 - 43*r**2 + 787*r + 2242. Calculate f(16).
-270
Let x(s) = -2*s**3 - 2*s**2 + 55*s - 100. Determine x(5).
-125
Let u(n) = 22*n**2 + 730*n + 5792. What is u(-20)?
-8
Let j(d) = 23553*d - 306190. What is j(13)?
-1
Let d(n) = 89236*n - 21327404. Give d(239).
0
Let m(l) = 291*l + 57020. Give m(-196).
-16
Let m(o) = 673*o - 24274. Give m(36).
-46
Let q(s) = -5*s**3 + 467*s**2 - 197*s + 1020. Determine q(93).
-3
Let b(t) = 2585*t + 46543. Give b(-18).
13
Let k(n) = 271*n + 1884. What is k(-5)?
529
Let u(m) = m**3 - 432*m**2 + 8724*m - 38366. Determine u(411).
-143
Let x(c) = -446*c + 43363. Give x(97).
101
Let v(q) = -25*q**3 + 24*q**2 + 94*q + 30. Determine v(3).
-147
Let j(x) = -x**3 + 16*x**2 - 37*x + 736. Determine j(19).
-1050
Let f(j) = j**2 + 64*j + 29. Determine f(3).
230
Let c(w) = -777*w**3 - 771*w**2 - 772*w - 1. Give c(-1).
777
Let r(h) = -2*h**3 + 335*h**2 - 1149*h + 127. Calculate r(164).
-37
Let i(v) = 624*v**2 - 6741*v - 3. Give i(10).
-5013
Let g(j) = j**2 - 261354*j + 1306742. Calculate g(5).
-3
Let u(x) = -26*x - 4487. What is u(-135)?
-977
Let v(p) = -79595*p + 238785. What is v(3)?
0
Let f(c) = c**3 + 166*c**2 + 3530*c + 691. Give f(-141).
-14
Let x(u) = -42643*u - 554347. What is x(-13)?
12
Let t(o) = -84*o**2 - 231*o + 710. Determine t(3).
-739
Let s(f) = 174543*f + 3316335. Calculate s(-19).
18
Let w(q) = q**3 + 88*q**2 + 1698*q + 1374. Calculate w(-27).
-3
Let x(s) = -3*s**2 + 256*s + 2383. Determine x(-9).
-164
Let f(l) = -11*l**2 + 606*l - 5004. Give f(43).
715
Let c(b) = 5*b**3 - 8*b**2 + 394*b - 1226. Give c(3).
19
Let o(c) = c**3 + 153*c**2 + 1195*c + 25355. Give o(-146).
97
Let z(j) = j**2 - 240*j + 8303. What is z(225)?
4928
Let m(i) = 4*i**2 + 265*i - 6483. Determine m(23).
1728
Let b(s) = s**3 - 386*s**2 + 26207*s + 5110. Calculate b(298).
44
Let j(r) = r**2 - 37673*r - 301400. Give j(-8).
48
Let q(f) = -2207*f - 17318. Determine q(-7).
-1869
Let b(g) = 298*g - 2686. Calculate b(12).
890
Let o(l) = -119*l**2 - 1901*l + 46. Calculate o(-16).
-2
Let x(u) = 952*u + 6733. Calculate x(-8).
-883
Let z(x) = 3*x**3 - 247*x**2 - 161*x - 132. Give z(83).
283
Let z(d) = d**2 - 5*d - 38. Determine z(-14).
228
Let n(j) = -4706*j + 197614. Calculate n(42).
-38
Let u(z) = -27*z**2 + 1297*z + 4039. Give u(51).
-41
Let u(b) = -47*b**2 - 246*b - 1521. What is u(-5)?
-1466
Let i(a) = a**2 - 2646*a + 330. Calculate i(0).
330
Let n(i) = -2*i**3 - 443*i**2 - 802*i + 64166. Calculate n(-219).
-1
Let m(a) = 146*a**2 - 1122*a - 435. Calculate m(8).
-67
Let b(p) = -p**3 + 15*p**2 + 307*p - 4490. Give b(23).
-1661
Let z(m) = 44878*m - 224400. Calculate z(5).
-10
Let w(l) = -22*l**2 - 10*l - 80. Determine w(6).
-932
Let u(g) = 3*g**3 - 988*g**2 + 33181*g + 1191. What is u(38)?
13
Let m(r) = -r**2 + 5521*r + 284225. Determine m(-51).
53
Let i(k) = -44316*k - 44306. Calculate i(-1).
10
Let v(c) = -19*c**2 + 92*c + 3925. What is v(17)?
-2
Let j(o) = -o**2 - 1074*o - 102622. Calculate j(-106).
-14
Let m(p) = 2*p**3 + 1311*p**2 + 121320*p + 4338. Give m(-544).
-14
Let g(d) = -36*d - 110. Determine g(26).
-1046
Let s(o) = 345*o**3 + 35*o**2 + 21*o + 5. Determine s(-1).
-326
Let u(x) = 132083*x - 8057050. Give u(61).
13
Let a(z) = z**3 - 34*z**2 - 428*z - 145. What is a(-12)?
-1633
Let o(w) = -643783*w - 1287510. Calculate o(-2).
56
Let a(q) = 2*q**2 - 9976*q + 69668. Give a(7).
-66
Let q(o) = -390*o**2 + 325*o + 324. Calculate q(-1).
-391
Let n(a) = 164921*a - 164918. What is n(1)?
3
Let f(d) = -311*d - 6483. What is f(-21)?
48
Let v(m) = 13409*m + 3982466. What is v(-297)?
-7
Let l(p) = -3*p**2 - 799*p - 19431. Give l(-27).
-45
Let u(v) = 5*v**2 + 502*v - 3538. Calculate u(-107).
-7
Let x(g) = -g**3 - 63*g**2 - 789*g - 308. Give x(-46).
14
Let c(z) = -z**3 - 67*z**2 + 121*z + 8038. Calculate c(-67).
-69
Let v(x) = 2*x**3 + 19*x**2 - 106*x - 1011. Give v(-7).
-24
Let v(m) = m**3 + 13*m**2 + 2356*m - 20192. Calculate v(8).
0
Let b(s) = s**2 - 93*s + 1048. Give b(80).
8
Let a(o) = o**3 - 84*o**2 + 2106*o - 159231. Determine a(82).
13
Let n(d) = -1115*d + 83562. Calculate n(75).
-63
Let d(y) = y**2 - 42837*y + 17. Determine d(0).
17
Let k(w) = -313*w**3 + 35*w**2 + 75*w + 2. What is k(-2)?
2496
Let s(r) = 230*r**2 + 16560*r - 13. Calculate s(-72).
-13
Let m(u) = 7*u**3 + 126*u**2 - 634*u - 6. What is m(-22)?
390
Let m(r) = r**2 - 7344*r + 3767900. What is m(555)?
5
Let l(z) = -953*z - 25666. Calculate l(-27).
65
Let z(b) = -b**3 + 512*b**2 + 2683*b - 50674. Calculate z(517).
-8
Let l(h) = -7*h**3 + 222*h**2 + 400*h - 10779. What is l(32)?
-27
Let c(j) = 7*j**2 - 1700*j + 90532. Determine c(164).
4
Let r(u) = u**3 + 108*u**2 - 3823*u - 1282. Give r(-136).
758
Let r(v) = -25*v**3 - 10*v**2 - 41*v - 39. Calculate r(-3).
669
Let u(b) = b**3 + 1572*b**2 + 15717*b - 3. Give u(-10